 = 159 + 273. List the prime factors of l.
2, 3
What are the prime factors of ((-413)/21 - -5)*6*-1?
2, 11
Let l = 0 - 0. Suppose -21 + 9 = -4*r. What are the prime factors of (-1 - 6)*(l - r)?
3, 7
Suppose 3*n = 2*n + 121. Let q = n + -66. What are the prime factors of q?
5, 11
Let g(t) be the second derivative of t**6/144 + t**5/40 - t**4/3 + 4*t. Let y(k) be the third derivative of g(k). What are the prime factors of y(3)?
2, 3
What are the prime factors of (188/(-2))/((-13 - -6)/7)?
2, 47
Suppose 53 = 6*d - 13. Let w = 17 + d. List the prime factors of (-231)/w*32/(-6).
2, 11
Let p(k) = 4*k**2 + 6*k + 14. Let r be p(-11). Suppose 0 = -5*n + n + r. Suppose 0*t = 4*t - n. List the prime factors of t.
3
Suppose -2 = 2*x - 8. Suppose x*y + 4*r = 2*r + 35, 5*r - 20 = 0. List the prime factors of y.
3
Let j(x) = -x + 1. Let a be (2/(-4))/((-4)/8). Let p(w) = -7*w + 14. Let f(i) = a*p(i) - 6*j(i). What are the prime factors of f(-8)?
2
Let u be (3 - (-5)/(-10))/((-1)/(-184)). Suppose 2*w - 346 = 3*z, z + u = 4*w - 212. What are the prime factors of w?
167
Suppose -228 = 3*w - 0*w. Suppose -8*g + 650 = -3*g. Let s = g + w. What are the prime factors of s?
2, 3
What are the prime factors of -2*8/96*-3*3734?
1867
Let x(k) = -k - 5. Let m be x(-8). Suppose -m*y - y + 76 = -4*w, -y - 17 = w. Let o = w - -34. List the prime factors of o.
2
Let l = 10 + -15. What are the prime factors of 69 + l/((-10)/(-4))?
67
Let a be 30/7 - 14/49. List the prime factors of -16*(-26)/(-4)*(-8)/a.
2, 13
Suppose 3*j - 24 - 3 = 0. Suppose 4*c = j*c - 435. List the prime factors of c.
3, 29
Suppose 0*g + g + 22 = w, -2*w + 23 = 5*g. List the prime factors of w.
19
Let v(u) = -u - 8. Let w(c) = 1. Let o(g) = -v(g) + 6*w(g). Let x(l) = -10*l**2 + 28*l - 6. Let n be x(3). List the prime factors of o(n).
2
Let t be 4/(-34) + 44850/(-255). Let n = 327 + t. List the prime factors of n.
151
Suppose -97*r - 2720 = -311374. List the prime factors of r.
2, 37, 43
Suppose 5*k + 4*l + 2740 = 0, 5*l = 3*k + 3*l + 1622. What are the prime factors of (-1)/3 + k/(-12)?
3, 5
Let t = -7377 + 13794. What are the prime factors of t?
3, 23, 31
List the prime factors of 66 - (12/2 + -8).
2, 17
Let s(k) = -k + 28. Let m be s(6). Suppose m*h - 24*h = -244. What are the prime factors of h?
2, 61
Let t be -18*(3 - 42/9). Let i = 30 - t. Suppose i = -4*c + 3*c + 35. What are the prime factors of c?
5, 7
Let j = 1452 + -489. What are the prime factors of j?
3, 107
Suppose -v - 3*v + 8 = 0. What are the prime factors of (1 + v)/(18/30)?
5
Let m(k) = k - 9. Let l be m(9). Suppose 0 = 5*f - 3*z - 597, 3*z + 246 = 2*f - l*z. List the prime factors of f.
3, 13
Suppose -2*b = -5*b - 228. Let n be (-2)/(1 - (-84)/b). Let u = -17 + n. What are the prime factors of u?
2
Let h(w) = 10*w - 4. Suppose 3*o - 4 = 2*o. Let i be h(o). Suppose -i = -3*l - l. What are the prime factors of l?
3
Suppose 0 = 3*z + 4*z - 217. Suppose 0 = o - 82 + z. List the prime factors of o.
3, 17
Suppose -5*o + 1 + 9 = 0. Let z(s) = 5*s**o + 6*s**2 + 2 - 11*s**2 + 4*s**2. What are the prime factors of z(-2)?
2, 3
What are the prime factors of (-3)/(-2) - 2 - (-8652)/8?
23, 47
What are the prime factors of ((-4)/(-10))/(104/698360)?
2, 17, 79
Let y be ((-5)/(-10))/((-1)/(-4)). Suppose -27 = -3*a + c, -2*a = -6*a - y*c + 46. List the prime factors of 5/2*a*1.
5
Let b = 15 + -17. Let i be (-1 - b) + (1 - 0). Suppose -i*d = -0*d - 20. What are the prime factors of d?
2, 5
Suppose 0 = 7*n - 4*n + 5*w - 479, 0 = -3*n - 2*w + 485. What are the prime factors of n?
163
Suppose -64*x + 337095 = 100807. List the prime factors of x.
2, 13, 71
Suppose 0 = -4*i + 287 + 513. Suppose 8*d - 176 - i = 0. What are the prime factors of d?
47
Let l(h) = -22*h**2 + 4 + 8*h + 2*h + 21*h**2. Let b = 28 - 19. What are the prime factors of l(b)?
13
Let x(m) = 2*m**2 + 9*m + 22. Let r be x(-4). Let n(a) = a**2 + 4*a - 2. Let d be n(-4). List the prime factors of r + (-3 - d - -2).
19
Suppose 0*h + 23 = h. Suppose f - h = -3*g + 13, 0 = 2*f + 4*g - 82. Let z = f + -30. List the prime factors of z.
3, 7
Let o(d) = -2*d + 7*d - d + 4. List the prime factors of o(15).
2
Suppose -v = -4*x - 181, -5*x - 30 + 712 = 4*v. List the prime factors of v.
173
Let k = 7 - 43. Let f = k - -316. List the prime factors of f.
2, 5, 7
Suppose -2*s - 4*o = -3*s + 1301, 2618 = 2*s - 4*o. What are the prime factors of s?
3, 439
Suppose -25*y = -4*f - 22*y + 5524, -4*y = -3*f + 4143. What are the prime factors of f?
1381
Let z be ((-21)/(-6))/(-7)*-2. Let m(v) = 18*v**2 - 2*v + 1. Let r be m(z). Suppose -4*t + 5*j + r = -8, -3*t + 39 = 3*j. What are the prime factors of t?
2, 5
Let j be 16/14*42/12. Suppose 0 = j*a - 127 - 17. What are the prime factors of a?
2, 3
Let x = -71 + 266. What are the prime factors of x?
3, 5, 13
List the prime factors of ((-1974)/(-56))/(3/8).
2, 47
Let v = 28 - 24. Suppose -5*b + 0*b - 2*c = -800, -640 = -v*b + 2*c. List the prime factors of b.
2, 5
Let o = 34 + -31. Let p be (21/14)/(o/52). Suppose 124 = 5*c - p. What are the prime factors of c?
2, 3, 5
Suppose 2*w = 4*w - 10. Let c be 0 + (-6)/(-6) + 2. Suppose w*r = c + 27. What are the prime factors of r?
2, 3
Let m(n) = 3*n**2 + n - 8. Let c be m(3). Let w = c + 39. What are the prime factors of w?
61
Let b(c) = -2*c - 10 + 1 - c**2 + 6*c + 5*c. Suppose 2*f - 4*f + 12 = 0. What are the prime factors of b(f)?
3
Suppose 5*q = -3*a + 2, 0*a - 5*a = -5*q - 30. What are the prime factors of (250/a - 2) + (-2)/(-4)?
61
Suppose y = -17*m + 16*m + 794, 0 = 3*m. What are the prime factors of y?
2, 397
Suppose 3*r - 6*p = -9*p, 3*p = -5*r + 4. Suppose -525 = -r*j + w, -5*w = -12 - 3. List the prime factors of j.
2, 3, 11
Let r be 0/(-20)*(0 + 1). Suppose r = 15*g + 52 - 442. List the prime factors of g.
2, 13
What are the prime factors of (120/80)/((-6)/(-5116))?
1279
Suppose 0 = -4*f - 2*m - 8, 5*m + 16 = 36. Let b(v) = 3*v**2 - v + 9. What are the prime factors of b(f)?
61
Suppose -256 = -12*b + 8*b. Let n = b - 43. Suppose -s - w = -n, -3*w + 9 = -0*w. What are the prime factors of s?
2, 3
Let j = -3 - -5. Suppose 2*q + 50 = -u, 5*q + 159 = -3*u + j*q. Let s = 79 + u. List the prime factors of s.
23
Let f(u) = -4*u - 4. Let n be f(-4). Suppose -8*p - 612 = -n*p. List the prime factors of p.
3, 17
Let b(k) = k**2 - 2*k + 3. Let i be b(2). Suppose i*x = v - 34, 2*v = 4*v - 2*x - 72. List the prime factors of v.
37
Let z(q) = 35*q**2 - 6*q + 52. List the prime factors of z(8).
2, 3, 11, 17
Let w(b) = 33*b**3 - 3*b**2 + 3*b**3 + 1 + 2*b**2. Let v be (-4)/2 + (-1 - -4). List the prime factors of w(v).
2, 3
Suppose 0 = -4*k + 3*m + 11014, -4*m - 5512 = 52*k - 54*k. List the prime factors of k.
2, 43
Let s = -24 + 20. Let u(r) = -9*r**2 - 3*r. Let w be u(-2). Let g = s - w. What are the prime factors of g?
2, 13
Suppose 48 = -5*t - 2. Let d(j) = -j**2 - 9*j + 9. Let y be d(t). Let h(p) = -16*p**3 + 1. What are the prime factors of h(y)?
17
Let w(p) = -p**2 + 12*p + 5. Let m be w(16). Let z = 93 + m. List the prime factors of z.
2, 17
Let t(w) = 0*w**2 - 2*w**2 + 16 + 3*w**2. Let s be t(0). Suppose s*n - 14*n - 18 = 0. List the prime factors of n.
3
What are the prime factors of 1/1 + 1 + 324?
2, 163
Suppose 5*p - 13 = -2*l - 86, 2*p = -4*l - 106. Let q = 24 + l. Let g = 6 + q. List the prime factors of g.
2, 3
Let l be (1 + 0)/((-2)/14) + -3. What are the prime factors of -1 + (-4)/(-5) + (-382)/l?
2, 19
Let m = 19 + -45. Let i = m - -49. What are the prime factors of i?
23
Suppose -7*g + 3*g = -5*o + 2015, -5*o + 2040 = g. List the prime factors of o.
11, 37
Let a(w) = -9*w - 8. Let s be a(5). Let u = 28 + s. Let x = u - -37. What are the prime factors of x?
2, 3
Let a(f) = f**2 - 1 + 8*f + 4 + 0. Let w(n) = -8*n**2 + n. Let g be w(-1). List the prime factors of a(g).
2, 3
Let d(i) = 135*i - 13. What are the prime factors of d(1)?
2, 61
Let g(k) = -k**3 - 8*k**2 - 8*k - 3. Let q be g(-7). Suppose 3*d = 5*m + 217, q*d - m = 2*m + 304. List the prime factors of d.
79
Suppose 1013*n - 1003*n - 51950 = 0. List the prime factors of n.
5, 1039
Suppose 3*s - 20 = 2*s. Let g = s - 22. What are the prime factors of -3*g/(1 - -1)?
3
Suppose 0 = u + 4*p + 126 - 2689, u + 3*p = 2561. List the prime factors of u.
5, 7, 